*2 + 4*f - 6. Calculate the remainder when j(3) is divided by 36.
33
Let m be 16/3 - (-3)/(-9). Suppose l - m*n = 32, -2*l - 2*l - 4*n = -56. What is the remainder when 33 is divided by l?
16
What is the remainder when 4/(-10) - (-5049)/85 is divided by 21?
17
Let n be (-2 - -3)*(-6 - -35). Let z = n - 9. What is the remainder when 38 is divided by z?
18
Let v(o) = 2*o**2 + 6*o - 3. Let h be v(-7). Let x be (-6)/(-12) - 77/2. Let l = h + x. What is the remainder when 44 is divided by l?
14
Let t(k) be the third derivative of k**4/24 + k**3 - 4*k**2. Suppose 1 - 5 = -2*p. Calculate the remainder when t(0) is divided by p.
0
Let p(f) = f**3 + 7*f**2 + 6*f - 3. Suppose -6*u = -16 - 386. Calculate the remainder when u is divided by p(-5).
16
Let q = 33 - 27. What is the remainder when 10 is divided by q?
4
Let m = 1 + 2. Suppose 3*b + 6 = 3*w - 0*b, m*w + 3*b = 24. Calculate the remainder when w is divided by 2.
1
Suppose 0 = 5*m - 2*x - 19 - 53, -4*m - x + 55 = 0. What is the remainder when 39 is divided by m?
11
What is the remainder when 181 is divided by 184/6*6/4?
43
Suppose 3*j - j = 12. Calculate the remainder when j is divided by 2.
0
Suppose -3*x + 8 = -7. Suppose 3*w = a - 12, -w - x*a = -16 + 4. Calculate the remainder when 5 is divided by 4/3*w/(-2).
1
Suppose 0 = -5*m + 2*y + 16, -4*m = -4*y - 5 - 15. Suppose 0 = -0*a + m*a + 28. Let r = -1 - a. What is the remainder when 38 is divided by r?
12
Suppose -47 + 7 = -8*n. What is the remainder when 4/6 + (-37)/(-3) is divided by n?
3
Let g be 15 - ((1 - 3) + -1). Let o = g - -19. Calculate the remainder when o is divided by 10.
7
Let i be (1 + 0)/(-2 - -1). Calculate the remainder when i - -22 - (-4)/(-2) is divided by 5.
4
Suppose 11 = 2*c - 11. What is the remainder when c is divided by 8?
3
Suppose -2*b - 3*b + 60 = 0. Suppose -5*g + 16 = -19. Calculate the remainder when b is divided by g.
5
Suppose -o + 5 = -1. Calculate the remainder when 20 is divided by o.
2
Suppose -5*c = 39 + 21. What is the remainder when 85 is divided by ((-6)/(-4))/(c/(-176))?
19
Suppose u + 3*z = 25, 3 = 4*u - 2*z - 69. Suppose 3*t + 4 - u = 0. Calculate the remainder when 14 is divided by t.
4
Suppose -6*o = -o - 20. What is the remainder when 18 is divided by o?
2
Let n = 45 + 2. Suppose m - 31 + 6 = 0. What is the remainder when n is divided by m?
22
Let t(v) = 5*v + 49. Calculate the remainder when t(-8) is divided by 8.
1
Let s(h) = -h**2 - 15*h - 4. What is the remainder when 49 is divided by s(-14)?
9
Suppose -2*i + 81 = 33. Calculate the remainder when i is divided by 9.
6
Let s = -50 + 81. What is the remainder when s is divided by 11?
9
Suppose 8*y - 109 = 7*y. Calculate the remainder when y is divided by 22.
21
Let n = 56 - 121. Calculate the remainder when 156/n*25/(-2) is divided by 17.
13
Let t = 18 - 9. What is the remainder when t is divided by 4?
1
Let p be 1/3 - (-4)/6. Let s be (-4)/p*(1 - 0). Calculate the remainder when s/(-14) - (-103)/7 is divided by 8.
7
Suppose -46 = -3*y + 8. Calculate the remainder when 53 is divided by y.
17
Suppose 3*m - 116 = m. Suppose 8*f - 51 = -4*j + 9*f, -6 = 2*f. What is the remainder when m is divided by j?
10
Let h(z) = z**2 - 4*z - 2. Let f be h(6). Calculate the remainder when 3 + (-4)/(-2) + f is divided by 8.
7
Let o = 7 + -5. What is the remainder when (40/(-2))/((-1)/o) is divided by (42/(-8))/(6/(-16))?
12
Calculate the remainder when 11 is divided by 2/7*(47 - 12).
1
Calculate the remainder when 39 is divided by (1 - (2 + 1))*-7.
11
Suppose -3*l + 27 + 117 = 0. Calculate the remainder when l is divided by 13.
9
Let c(o) = o + 1. Let r be c(1). Suppose 0*g + r*g = -2*a + 6, 3*g - 2*a - 19 = 0. Let x = -5 - -18. What is the remainder when x is divided by g?
3
Let l = 83 - 47. Let b = l - -35. Suppose 5*o - 99 = b. Calculate the remainder when o is divided by 18.
16
Suppose 12 = -4*k, 0*v + 2*k + 14 = 4*v. Let m(q) = 4*q**2 - q + 2. What is the remainder when m(v) is divided by 9?
7
Let c = -8 + 14. Calculate the remainder when (-2)/10 + 172/10*1 is divided by c.
5
Let r(h) = -h**2 - 19*h - 11. What is the remainder when r(-7) is divided by 25?
23
What is the remainder when 32 is divided by (3 - 13)*4/(-8)?
2
Let z = 6 - 3. What is the remainder when 26 - (-1)/(z/6) is divided by 10?
8
Let c = 46 - 21. Let j be ((-8)/(-10))/(5/c). Calculate the remainder when 13 is divided by (2 - 2) + j + 1.
3
Suppose -3*u - 80 = -8*u. Calculate the remainder when 30 is divided by u.
14
Suppose 4*c - 3*b = -0*b + 12, 0 = 4*b. Let u be (-10)/15*-3*c. Let q(a) = a**2 - 5*a - 1. Calculate the remainder when 19 is divided by q(u).
4
Suppose -k + 32 = 3*c, 8 + 46 = 5*c + k. Suppose -5*y - 3*o = -33 - 22, o = 2*y - 11. What is the remainder when c is divided by y?
3
Suppose 0 = -8*g + 7*g + 16. What is the remainder when 31 is divided by g?
15
Let c(p) = 5*p**2 + 3*p - 3. What is the remainder when c(2) is divided by 12?
11
Let m(x) = x**2 + 5*x + 1. Let l be m(-2). Let z(v) = -v**2 - 7*v - 3. Calculate the remainder when z(l) is divided by 4.
3
Suppose -3*l = 5*t - 250, 5*l = -5*t + 270 + 150. Calculate the remainder when l is divided by 22.
19
What is the remainder when 1719/54 - 2/(-12) is divided by 12?
8
What is the remainder when 30 is divided by (8/((-384)/(-136)))/((-2)/(-12))?
13
Let i = 5 - 0. Suppose 0 = a + 2*a - 39. What is the remainder when a is divided by i?
3
Suppose -2*u + 40 = 3*u. What is the remainder when 15 is divided by u?
7
Suppose -16 = -3*n - 4*o - 3, -4 = n + 3*o. Calculate the remainder when 53 is divided by n.
9
Let g = -10 - -9. Calculate the remainder when g/((-57)/(-29) + -2) is divided by (-2)/((-2)/10 - 0).
9
Suppose -2*x - 20 = -8. Let f be 394/6 - x/(-9). Let d = f + -32. Calculate the remainder when d is divided by 12.
9
Let f = -19 + 7. What is the remainder when 7 is divided by ((-4)/8)/(2/f)?
1
Suppose -3 = 2*b - 9. Suppose -130 = -5*d - 5*i, 0*d + i - 78 = -b*d. What is the remainder when d is divided by 7?
5
Let m = 73 + -22. Suppose -v + 56 = 3*n, 4*n + 93 = 4*v - m. Suppose -a + 18 = 4. What is the remainder when v is divided by a?
13
Let f(x) = -12*x. Let w(j) = -4*j + 6 - 4 + 14*j. What is the remainder when w(2) is divided by f(-1)?
10
Let s(d) = d**2 + d - 4 - 6 + 5. Let o(c) = -3*c - 6. What is the remainder when o(-6) is divided by s(-4)?
5
Let g = 22 - 12. Suppose -q - g = -2*q. What is the remainder when q is divided by 4?
2
Let j(v) = 2*v**3 - v**2 - 2*v + 37. Calculate the remainder when 70 is divided by j(0).
33
Suppose -4*s - 2*h = -166, 4*h = s - 57 + 20. What is the remainder when s is divided by 14?
13
Let g(w) be the third derivative of -7*w**4/24 - 2*w**2. What is the remainder when g(-1) is divided by 3?
1
Suppose -3*k + 2*k - 20 = -4*n, 4*k = -3*n - 4. Suppose -4*y + 6 = 2*q, 3*q - 1 = n*y + 28. What is the remainder when 11 is divided by q?
4
Suppose 24 = 11*c - 9*c. Suppose -5*m + c + 63 = 0. Calculate the remainder when 58 is divided by m.
13
Let f(k) = 2*k**2 + 19*k - 29. Calculate the remainder when 24 is divided by f(-11).
0
Let n = -13 - -14. What is the remainder when n is divided by 1?
0
Let w be 28/10*(-7 - -2). Suppose 41 = 5*j + 1. What is the remainder when j is divided by (-70)/(-10)*(-6)/w?
2
Suppose -5*n + 19 = -36. Let m = -6 - -36. Calculate the remainder when m is divided by n.
8
Let t(r) = 2*r**2 + 2*r - 1. Let k be (-9)/(-6)*(-8)/(-6). Calculate the remainder when t(-2) is divided by -3 + 3 + (k - 0).
1
Let m = -9 - -47. Suppose -i - 3*i = -52. Calculate the remainder when m is divided by i.
12
Let l = 46 - 23. Calculate the remainder when l is divided by 14.
9
Suppose 8*m = 2*m + 108. Calculate the remainder when 53 is divided by m.
17
Suppose 3*g - 31 = 56. What is the remainder when g is divided by 10?
9
Let t = 5 - 8. What is the remainder when -12*-2*t/(-18) is divided by 3*(0 - (-2)/2)?
1
Let d(m) = -m**3 + 9*m**2 + 4*m - 3. Let g be d(9). Let i = -6 + g. What is the remainder when i is divided by 14?
13
Suppose 3*v + x + 9 + 6 = 0, 2*x = -6. What is the remainder when 5/v*-1*16 is divided by 11?
9
Let c(k) = -k**3 + k**2 - k + 14. Calculate the remainder when c(0) is divided by (4/1 - 3)*8.
6
Let u = -4 - -16. What is the remainder when 58 is divided by u?
10
Suppose v + 167 